= w + 67. What is the highest common divisor of 22 and f?
11
Suppose t + 8 = 5*t. Let y be 0 - t - 102/(-3). What is the greatest common divisor of y and 8?
8
Suppose 5*m - 70 = 5*u, 0 = -u + 4*u + 5*m + 26. Let w = 34 + u. Calculate the greatest common divisor of 2 and w.
2
Let l(h) = -h**3 + 9*h**2 - 3*h - 6. Let a be l(6). Suppose -3*q = a - 462. What is the highest common divisor of q and 18?
18
Let l = 348 + -208. What is the highest common divisor of 20 and l?
20
Let v(r) = 5*r**2 - 5*r - 6. Let h be v(-4). Let g = h + -64. Let f = -231 + 351. What is the greatest common factor of g and f?
30
Let g(i) = i - 1. Let l(x) = -2*x**2 + 11*x - 12. Let r(o) = 6*g(o) - l(o). Let c be r(4). Calculate the highest common factor of 126 and c.
18
Let f(i) = -i + 33. Let w(n) = n**3 + 2*n**2 + n - 2. Let q be w(2). Let l be f(q). Calculate the greatest common factor of 34 and l.
17
Let u(x) = 9*x**2 - 7*x + 6. Let d be u(6). Let n(l) = 48*l + 180. Let k be n(-3). Calculate the greatest common divisor of k and d.
36
Let x(y) = -y**3 + 4*y**2 - y + 4. Let p be x(4). Suppose m + p = -4. Let c be 4/(m*(-1)/34). What is the greatest common factor of c and 51?
17
Let x(r) = -21*r**2 + 3*r**3 - 13*r + 55 - 4*r**3 + 3*r - 9*r. Let t be x(-20). Calculate the highest common factor of t and 7.
7
Let y be -1*1*(147/(-3))/1. What is the greatest common factor of y and 1519?
49
Let s(p) = 9*p - 1. Let m be s(3). Suppose -5*k = -0*f + 2*f - 3648, -2*f - 2176 = -3*k. Suppose 4*y + 0*y = k. What is the highest common divisor of m and y?
26
Let z(c) = -6*c**2 + 244. Let k be z(0). What is the greatest common factor of k and 183?
61
Suppose 0 = 5*b + v - 235 + 58, 5*v = -5*b + 165. What is the greatest common divisor of b and 516?
12
Let k(g) = 8*g**2 - g - 1. Let v be k(-2). Let q = -171 + 215. What is the greatest common factor of q and v?
11
Let w(a) = a**2 + 24*a + 56. Let v be w(-21). Let f = v - -32. Calculate the greatest common divisor of 20 and f.
5
Suppose 5*g - 79 = -4*h, h + 5*g - 16 = -0*h. Suppose -7*t = -378 - h. Calculate the greatest common factor of t and 19.
19
Suppose -25*d = -532 - 168. Calculate the greatest common factor of d and 434.
14
Let l(r) = 50*r + 3. Let c(z) = -z. Let w(j) = -6*c(j) + 3*l(j). Let f be w(1). Let m be (30/4 + 0)*2. What is the greatest common divisor of f and m?
15
Let g(w) = -w**2 + 20. Let h be g(-4). What is the highest common factor of 1 and h?
1
Let o = -183 - -263. Suppose 4*s + j - 79 = 0, 0 = 23*s - 21*s - 2*j - 42. Calculate the greatest common factor of s and o.
20
Suppose -f + 2*r - 4 = -3, -f + r = -1. Suppose 0 = d - f, 5*d - 3*d = k + 31. Let m = 45 - k. Calculate the greatest common factor of 28 and m.
14
Suppose -19 = 14*b - 187. Suppose -5*h + l = -298, -l = 3*h - 2*h - 62. Calculate the greatest common divisor of h and b.
12
Let y(w) = 2*w - 1. Let t be y(5). Suppose -t = -z - 5. Suppose 0 = -z*q + 4 + 16. Calculate the greatest common divisor of q and 2.
1
Suppose 0 = -12*r - 3*r + 3795. Calculate the greatest common divisor of 22 and r.
11
Suppose -5*x = -3*x - 4. Suppose 0 = -x*d - 2*d. Suppose -3*p + m + 61 = 0, 4*m - 130 = -d*p - 5*p. Calculate the highest common factor of p and 88.
22
Let p(l) = -2*l + 20. Let m be -2*(0 + 28/(-8)). Let j be p(m). What is the greatest common factor of j and 30?
6
Suppose 3*b - q + 53 = 0, -4*b - 46 = 4*q + 46. Let d(o) = 3*o + 73. Let y be d(b). Suppose 8 = 2*h + 2*h. Calculate the greatest common divisor of h and y.
2
Let k(u) = 12*u - 143. Let q be k(13). Let p(f) = -11*f - 1. Let t be p(6). Let z be (-2)/5 + t/(-5). Calculate the greatest common divisor of z and q.
13
Let t = -289 + 339. Calculate the greatest common divisor of t and 10.
10
Suppose 3*k + 2*x = -3*x + 19, 2*k + x - 1 = 0. Let m be 1*(k*54)/(-4). Suppose 4*q - 34 = b, 5*q - 4*q - 11 = -b. What is the highest common factor of q and m?
9
Let c be 11 - 1/(0 - -1). Let o be (-4)/c + (-114)/(-10). Suppose 137*m - 180*m = -473. Calculate the greatest common factor of m and o.
11
Let o be 2/4 + 7/(-2) + 5. Suppose i - o*i = -2. Calculate the highest common divisor of i and 4.
2
Suppose 0 = a - 110 + 91. Calculate the greatest common divisor of a and 304.
19
Suppose -8*g = -3*g + 2*w - 16, 4*g + 4*w = 8. Let j be (-16 - -1)*g/(-12). Suppose -j*x + 3*x = -10. Calculate the greatest common divisor of x and 5.
5
Suppose 46*l - 5*l - 3977 = 0. Calculate the greatest common divisor of 97 and l.
97
Suppose -6 = -3*v - 0. Let t be 4 - 4 - (-10)/v. Calculate the highest common factor of t and 10.
5
Let i be 4/(-10) - (-634)/10. Let g(j) = j**2 - 19*j + 77. Let o be g(14). What is the greatest common factor of i and o?
7
Suppose 0 = -10*l + 33*l - 552. Let k(o) = -25*o**3 - o**2 + 3*o + 2. Let h be k(-2). What is the highest common divisor of l and h?
24
Let j = 94 - 91. What is the greatest common divisor of 117 and j?
3
Suppose 0 = 3*m - 3*l - 78, -3*m + 49 + 5 = 5*l. Suppose v - 110 = -5*f, 0 = -f + v + 16 + 12. Calculate the greatest common factor of m and f.
23
Let t be (-1 + (7 - 0))*(-72)/(-9). What is the highest common factor of 204 and t?
12
Suppose 10*b - 7*b = 6. Suppose 3*f - b*n = -27 + 205, 2*f - 115 = 5*n. What is the highest common factor of 4 and f?
4
Suppose t - 21 = 5*y + 5, 0 = -3*t - y - 2. Let o(k) = 13*k + 1. Let s be o(t). What is the highest common factor of s and 154?
14
Suppose 16 = -6*r + 130. Suppose -x = 2*f - 27, 3*f + 0 = 12. What is the greatest common divisor of x and r?
19
Let a(i) = 3*i**2 + 2*i. Let w be -1 + -2 - (-1 - -3). Let b be a(w). Let n be (143/22)/((-7)/(-14)). What is the greatest common factor of n and b?
13
Let s be 122/16 - (7 - (-413)/(-56)). What is the greatest common divisor of s and 100?
4
Suppose n - 4*q = -26, -3*n + 4*q = 3*q + 34. Let i(o) = -3*o - 10. Let v be i(n). What is the highest common divisor of 4 and v?
4
Let n be (3 - 6)/(6/4). Let m(q) be the third derivative of 13*q**5/60 - q**3/6 - 2*q**2. Let p be m(n). Calculate the greatest common divisor of p and 17.
17
Let a(s) = 998*s**2 + 6*s - 5. Let j be a(1). What is the greatest common divisor of 37 and j?
37
Suppose 8 + 2 = 5*t. Let s be 1/t*-9*-6. Let v = 136 - -161. Calculate the greatest common divisor of v and s.
27
Let u(r) = 90*r**2 + 58*r - 5. Let p be u(-1). Let n = 3 + 15. Calculate the highest common factor of n and p.
9
Let f = 21 - 14. Let u(p) = 6*p - 30. Let i be u(f). What is the highest common divisor of i and 20?
4
Let j be 1/4 - ((-79)/4 - 5). Calculate the greatest common factor of 275 and j.
25
Suppose 16 = -0*n + 4*n. Let p be 1 - n - (-8 + -1). What is the highest common divisor of 15 and p?
3
Suppose -3*z = -2*o - 12, 10*o = 15*o - 15. Suppose 2*x + 0*x = 5*y + 26, 3*x + y = 56. What is the greatest common divisor of z and x?
6
Suppose -2*u = 2*u - 544. Suppose -8524*c + 10 = -8522*c - 6. Calculate the greatest common divisor of c and u.
8
Let w be 3*1 + (-80)/8. Let o = -31 - w. Let r be (-270)/o + (-2)/8. What is the greatest common divisor of r and 77?
11
Suppose -10 = m + 5*a, 0*m - 18 = -3*m + a. Suppose m*v - 49 = -2*v. What is the highest common factor of v and 21?
7
Let q be 4/(-3)*(-1 - 105/(-6)). Let y be 24 + q + (35 - -1). Calculate the greatest common divisor of y and 228.
38
Let y = 547 + -520. What is the greatest common divisor of y and 540?
27
Suppose 3*q + 4*q - 98 = 0. Let r be (-66)/(-5)*35/q. What is the greatest common divisor of r and 11?
11
Suppose -2*x - i = -111, 0 = -2*x + 3*x - 2*i - 58. What is the highest common factor of x and 8?
8
Suppose 4 = -3*q + 70. Suppose 12*o - q = 10*o. What is the highest common divisor of o and 11?
11
Suppose -x - 3*n = 2*x - 33, 3*x - 3*n = 57. Suppose -k = -2*k - 155. Let r = -110 - k. What is the highest common divisor of x and r?
15
Suppose 5*w - 140 = 4*z, -7*w - 79 = -9*w - 3*z. Calculate the greatest common divisor of 512 and w.
32
Suppose -4*r + 10 + 26 = 0. Let m = r + -1. Let k be 4670/65 + 16/104. Calculate the highest common factor of m and k.
8
Suppose 12 = -0*d + 2*d. Let n = 1 + d. Suppose -f - 12 = -3*f - m, -3*m + 1 = f. What is the greatest common factor of n and f?
7
Let i = 656 + -646. Calculate the greatest common divisor of 125 and i.
5
Let p(i) = 14*i - 3. Let a be p(6). Let z = -74 + 170.